3716646?
True
Is 415541 a multiple of 12?
False
Does 74 divide 2725350?
False
Is 135252 a multiple of 17?
True
Does 43 divide 326628?
True
Does 3 divide 1044493?
False
Does 137 divide 27071?
False
Is 62 a factor of 39990?
True
Is 10 a factor of 6557?
False
Is 19 a factor of 107103?
True
Does 17 divide 367761?
True
Is 1430541 a multiple of 203?
True
Does 536 divide 197784?
True
Does 62 divide 7561624?
False
Is 6552 a multiple of 72?
True
Is 18952 a multiple of 139?
False
Does 35 divide 1076101?
False
Is 52 a factor of 1695044?
True
Is 5993540 a multiple of 31?
True
Is 13 a factor of 26558?
False
Does 19 divide 24428585?
True
Is 17 a factor of 9944?
False
Is 1482 a factor of 23185320?
False
Is 5 a factor of 229917?
False
Does 86 divide 1856055?
False
Is 133607 a multiple of 157?
True
Does 94 divide 78020?
True
Does 12 divide 1654368?
True
Does 543 divide 2247890?
False
Is 660372 a multiple of 487?
True
Is 842 a factor of 97672?
True
Is 707788 a multiple of 13?
False
Is 3167644 a multiple of 5?
False
Does 100 divide 1540162?
False
Is 31308 a multiple of 4?
True
Does 18 divide 655940?
False
Is 11 a factor of 1485550?
True
Is 179783 a multiple of 3?
False
Is 12351651 a multiple of 234?
False
Does 394 divide 589424?
True
Is 209 a factor of 1004036?
True
Is 581280 a multiple of 70?
True
Is 159 a factor of 103827?
True
Is 53 a factor of 3457349?
True
Does 115 divide 196995?
True
Does 326 divide 1344509?
False
Is 466 a factor of 7078074?
True
Does 3 divide 286101?
True
Is 100 a factor of 310528?
False
Is 677 a factor of 14495924?
True
Is 10155 a multiple of 156?
False
Is 29582 a multiple of 7?
True
Is 121 a factor of 1793583?
True
Does 413 divide 2646504?
True
Is 35 a factor of 628497?
False
Is 19 a factor of 342437?
True
Is 74 a factor of 439634?
True
Is 181305 a multiple of 3?
True
Is 381353 a multiple of 212?
False
Is 161850 a multiple of 10?
True
Does 10 divide 917704?
False
Is 138264 a multiple of 14?
True
Is 4 a factor of 7273?
False
Is 220 a factor of 82720?
True
Does 253 divide 86779?
True
Is 9 a factor of 20763?
True
Does 8 divide 315576?
True
Is 563 a factor of 436888?
True
Does 314 divide 2128991?
False
Is 298272 a multiple of 12?
True
Is 2576090 a multiple of 35?
False
Does 6 divide 23643?
False
Does 3 divide 74100?
True
Is 9 a factor of 3603278?
False
Is 6815616 a multiple of 417?
False
Is 270550 a multiple of 25?
True
Is 575565 a multiple of 17?
False
Is 19 a factor of 1889321?
False
Is 4460068 a multiple of 46?
True
Does 187 divide 50864?
True
Does 13 divide 30265070?
False
Does 70 divide 517300?
True
Is 194670 a multiple of 70?
True
Does 113 divide 495432?
False
Is 232 a factor of 65888?
True
Is 237 a factor of 135848?
False
Is 12 a factor of 914940?
True
Is 8 a factor of 572008?
True
Does 287 divide 1758162?
True
Is 323 a factor of 10921?
False
Is 239 a factor of 3557645?
False
Is 402150 a multiple of 175?
True
Does 23 divide 1467975?
True
Is 18101 a multiple of 64?
False
Is 20 a factor of 93240?
True
Is 66495 a multiple of 33?
True
Is 39 a factor of 1351116?
True
Does 589 divide 201438?
True
Is 93 a factor of 28334?
False
Is 239 a factor of 1325434?
False
Is 50 a factor of 432450?
True
Does 61 divide 66525?
False
Is 187 a factor of 430251?
False
Is 1141 a factor of 15397086?
False
Does 283 divide 1529898?
True
Is 38 a factor of 437089?
False
Is 22 a factor of 887512?
False
Does 100 divide 208411?
False
Does 45 divide 4005016?
False
Is 186318 a multiple of 11?
True
Does 6 divide 400734?
True
Does 84 divide 2872716?
True
Is 14048292 a multiple of 12?
True
Does 1004 divide 1268548?
False
Is 385 a factor of 273350?
True
Is 5289541 a multiple of 29?
False
Is 320115 a multiple of 15?
True
Is 139626 a multiple of 9?
True
Does 15 divide 234508?
False
Is 210485 a multiple of 495?
False
Is 34 a factor of 1771677?
False
Is 50 a factor of 312450?
True
Is 9130720 a multiple of 54?
False
Is 13 a factor of 303326?
False
Does 93 divide 14634642?
False
Is 15000 a multiple of 30?
True
Is 277 a factor of 6495650?
True
Is 342 a factor of 3860135?
False
Does 127 divide 8382?
True
Is 924597 a multiple of 240?
False
Is 102 a factor of 145771?
False
Does 46 divide 69875?
False
Is 1011437 a multiple of 413?
True
Does 43 divide 178579?
True
Is 408043 a multiple of 68?
False
Is 38 a factor of 207784?
True
Does 268 divide 435232?
True
Is 6126901 a multiple of 23?
True
Does 14 divide 70132?
False
Does 178 divide 3134936?
True
Is 829740 a multiple of 308?
False
Does 9 divide 670289?
False
Does 15 divide 1342?
False
Does 24 divide 1597636?
False
Is 903 a factor of 1684865?
False
Is 63434 a multiple of 14?
True
Is 10809701 a multiple of 1436?
False
Is 13194177 a multiple of 58?
False
Does 383 divide 1656718?
False
Is 1589989 a multiple of 8?
False
Is 6 a factor of 4429674?
True
Is 82 a factor of 386229?
False
Is 1652 a factor of 3760440?
False
Is 376347 a multiple of 331?
True
Does 10 divide 6196361?
False
Does 8 divide 409239?
False
Is 65 a factor of 21457729?
False
Does 6 divide 10711?
False
Is 19 a factor of 747927?
False
Does 2 divide 51795?
False
Is 184 a factor of 186873?
False
Does 206 divide 256800?
False
Does 87 divide 108830?
False
Does 148 divide 14504?
True
Is 5 a factor of 916340?
True
Does 22 divide 17842?
True
Is 25 a factor of 358700?
True
Is 4801137 a multiple of 715?
False
Does 210 divide 670923?
False
Is 944028 a multiple of 6?
True
Is 17396 a multiple of 71?
False
Does 133 divide 1946987?
True
Is 506220 a multiple of 130?
True
Is 22 a factor of 3784?
True
Is 11 a factor of 7285905?
True
Is 71 a factor of 1019059?
False
Does 24 divide 10294615?
False
Is 107649 a multiple of 27?
True
Is 28 a factor of 6686089?
False
Is 2793224 a multiple of 310?
False
Does 105 divide 62164?
False
Does 197 divide 170011?
True
Does 5 divide 103973?
False
Does 26 divide 399386?
True
Does 21 divide 45074?
False
Does 571 divide 253524?
True
Is 439 a factor of 1481127?
False
Is 6661578 a multiple of 22?
True
Does 345 divide 136275?
True
Is 148 a factor of 29690?
False
Does 4 divide 122820?
True
Is 217 a factor of 13045321?
False
Is 4351782 a multiple of 8?
False
Is 24 a factor of 101808?
True
Is 149 a factor of 8459177?
True
Is 1369041 a multiple of 411?
True
Does 49 divide 305760?
True
Does 19 divide 14907?
False
Does 8 divide 295321?
False
Does 129 divide 706791?
True
Is 25 a factor of 62200?
True
Is 152847 a multiple of 153?
True
Does 7 divide 267295?
True
Is 577 a factor of 704289?
False
Is 3 a factor of 356638?
False
Does 580 divide 94540?
True
Is 20028 a multiple of 43?
False
Does 221 divide 595093?
False
Is 179 a factor of 889324?
False
Does 104 divide 72288?
False
Does 170 divide 4865740?
True
Is 40 a factor of 299529?
False
Is 6634 a multiple of 245?
False
Is 7910148 a multiple of 1996?
True
Is 204871 a multiple of 32?
False
Is 18199356 a multiple of 812?
True
Does 38 divide 463294?
False
Is 5847482 a multiple of 115?
False
Is 20 a factor of 234780?
True
Is 504 a factor of 9081576?
True
Is 29 a factor of 1382449?
False
Is 12 a factor of 78578?
False
Is 26 a factor of 1897532?
True
Does 651 divide 1889202?
True
Does 81 divide 124416?
True
Is 22 a factor of 257523?
False
Is 18 a factor of 177893?
False
Is 55935 a multiple of 165?
True
Is 10 a factor of 2700?
True
Is 8697 a multiple of 13?
True
Is 77 a multiple of 7?
True
Does 3 divide 109314?
True
Is 4515744 a multiple of 204?
True
Does 75 divide 633675?
True
Does 110 divide 4180?
True
Is 95892 a multiple of 6?
True
Is 102654 a multiple of 130?
False
Does 19 divide 84376?
False
Is 18 a factor of 218658?
False
Is 2 a factor of 760754?
True
Is 4422857 a multiple of 194?
False
Does 112 divide 285958?
False
Is 8 a factor of 1232?
True
Is 16 a factor of 193784?
False
Is 2054028 a multiple of 260?
False
Does 113 divide 848743?
True
Is 2116368 a multiple of 828?
True
Does 145 divide 5632960?
True
Is 19 a factor of 905105?
False
Is 97 a factor of 697069?
False
Is 186 a factor of 243660?
True
Is 2 a factor of 866332?
True
Is 1572925 a multiple of 407?
False
Is 273 a factor of 2319275?
False
Is 6566015 a multiple of 13?
False
Is 336 a multiple of 42?
True
Is 135 a factor of 2338860?
False
Does 102 divide 36720?
True
Is 4 a factor of 22476?
True
Is 159988 a multiple of 4?
True
Is 93 a factor of 1680095?
False
Is 138 a f